9. Give f(-70).
441
Let f(o) = -92710*o + 9456411. Give f(102).
-9
Let j(i) = 6*i**3 + 71*i**2 - 254*i + 471. Give j(-15).
6
Let n(o) = -o**3 - 15*o**2 - 24*o - 85. Determine n(-6).
-265
Let w(n) = n**3 + 5*n**2 - 810*n - 7348. What is w(-9)?
-382
Let v(g) = -8*g**2 + 64*g + 7. Give v(11).
-257
Let d(x) = -103*x**2 + 8568*x - 54929. What is d(7)?
0
Let c(g) = -1137*g - 12390. Determine c(-10).
-1020
Let m(t) = 398410*t - 398407. Determine m(1).
3
Let d(h) = 2*h**3 + 94*h**2 + 1097*h + 34. Calculate d(-21).
-71
Let p(n) = -4*n**2 + 82*n + 85190. Determine p(-136).
54
Let k(a) = -a**3 - 177*a**2 - 7830*a - 15556. Give k(-101).
-2
Let d(k) = -3*k**2 + 809*k + 64136. Determine d(-64).
72
Let x(z) = 6811*z - 20467. Determine x(3).
-34
Let a(v) = -v**2 + 11387*v. Give a(0).
0
Let o(m) = 9912*m - 188303. What is o(19)?
25
Let f(r) = r**3 + 100*r**2 + 71*r - 1578. Calculate f(-99).
1194
Let t(g) = 18*g**2 - 2052*g + 31112. Calculate t(96).
8
Let d(r) = -r**3 - 3*r**2 + 4431*r + 47935. What is d(-62)?
9
Let x(p) = 200*p - 25003. Give x(133).
1597
Let u(n) = -n**2 + 241*n + 9052. Calculate u(-33).
10
Let f(g) = 2*g**2 - 2127434*g - 4254867. What is f(-2)?
9
Let h(s) = 312*s**2 + 398*s - 457. Calculate h(-2).
-5
Let j(u) = 15505*u - 108549. Determine j(7).
-14
Let x(h) = -h**3 + 11*h**2 + 378*h - 838. Determine x(-16).
26
Let b(d) = 1857*d + 1766. Determine b(-1).
-91
Let r(h) = 107*h + 9078. What is r(-78)?
732
Let r(t) = -3*t**3 + 14*t**2 - 359*t + 1797. Determine r(5).
-23
Let o(d) = -11804*d + 991518. What is o(84)?
-18
Let h(q) = 2*q**2 - 3149*q - 539913. Give h(-156).
3
Let n(x) = -16319*x - 1436063. Give n(-88).
9
Let j(w) = 832*w + 107349. Calculate j(-129).
21
Let a(w) = -5*w**3 + 17*w**2 + 198*w - 956. What is a(5)?
-166
Let z(m) = -10*m**3 + 73*m**2 + 5628*m - 39517. Calculate z(7).
26
Let l(m) = -1154*m + 73071. Calculate l(63).
369
Let j(k) = k**3 - 173*k**2 - 585*k + 10051. Give j(176).
19
Let j(l) = -l**3 + 13*l**2 + 402*l - 5628. Calculate j(13).
-402
Let t(s) = 25814*s - 516269. What is t(20)?
11
Let p(r) = -2*r**3 - 221*r**2 + 2286*r + 709. What is p(-120)?
-11
Let i(c) = -c**3 - 48*c**2 + 1166*c + 392. What is i(18)?
-4
Let q(l) = -1203*l - 304329. Calculate q(-253).
30
Let g(o) = -o**2 + 302*o - 16572. Determine g(73).
145
Let f(b) = 3408*b + 160182. Give f(-47).
6
Let o(q) = -5*q**2 + 64*q + 2845. Determine o(32).
-227
Let c(d) = -1134*d**2 + 38540*d + 512. Give c(34).
-32
Let w(q) = 8*q**3 - 70*q**2 - 794*q + 6433. Give w(8).
-303
Let p(m) = -2134*m - 644454. Determine p(-302).
14
Let y(l) = -17*l**3 + 278*l**2 - 591*l + 432. What is y(14)?
-2
Let o(d) = -15*d**2 + 338*d - 3045. What is o(9)?
-1218
Let d(h) = -h**3 + 17*h**2 - 2143*h + 27191. Give d(13).
8
Let x(w) = 5383*w - 188605. Give x(35).
-200
Let r(h) = -8601*h**2 + 68814*h - 42. Determine r(8).
6
Let q(p) = -3*p**3 + 421*p**2 - 148*p - 813. Give q(140).
-1933
Let k(r) = 3*r**2 - 88*r + 785. Determine k(16).
145
Let b(t) = -2*t**3 - 357*t**2 - 166*t + 2119. Determine b(-178).
-17
Let p(x) = -4400*x - 308198. Calculate p(-70).
-198
Let y(c) = -3*c**3 - 1667*c**2 + 5606*c + 8932. Calculate y(-559).
-12
Let s(j) = -4257*j - 29680. Calculate s(-7).
119
Let l(f) = -22519*f - 2206878. Calculate l(-98).
-16
Let a(b) = 18136*b + 9231217. Determine a(-509).
-7
Let g(b) = 12*b**2 + 1731*b - 1730. What is g(1)?
13
Let l(h) = -8*h**2 + 3066*h - 189119. What is l(306)?
-11
Let u(w) = -2*w**3 - 43*w**2 + 416*w + 7984. Calculate u(-23).
3
Let m(p) = 2*p**2 + 192*p + 3980. Give m(-66).
20
Let q(i) = -i**3 + 2*i**2 - 1968*i + 18288. Determine q(9).
9
Let v(c) = -2*c**2 - 3412*c + 353610. What is v(98)?
26
Let d(p) = 2*p**2 + 121*p + 1216. Determine d(-10).
206
Let s(j) = -2685*j - 32259. What is s(-12)?
-39
Let z(x) = -55*x**2 - 1860*x + 3737. Determine z(2).
-203
Let x(h) = -704*h - 1361. What is x(-2)?
47
Let k(l) = -2*l**3 + 15*l**2 - 75*l - 60. Give k(8).
-724
Let x(s) = 36*s**3 + 56*s**2 + 13*s - 47. What is x(-3)?
-554
Let k(j) = -860100*j + 6020630. Give k(7).
-70
Let y(g) = 208*g + 8017. Give y(-34).
945
Let z(s) = s**2 - 228*s - 11188. Determine z(-42).
152
Let l(g) = -502892*g - 7543330. Give l(-15).
50
Let c(l) = -2586*l - 41108. Calculate c(-16).
268
Let t(a) = -916*a + 103546. Give t(113).
38
Let p(y) = -3399533*y + 57792055. Determine p(17).
-6
Let l(w) = -w**3 + 5*w**2 + 147*w - 903. What is l(6)?
-57
Let h(y) = 73536*y - 955972. Determine h(13).
-4
Let h(x) = -40*x**3 + 1994*x**2 + 304*x - 150. Determine h(50).
50
Let h(m) = 17605*m + 211269. What is h(-12)?
9
Let u(q) = -56080*q - 6617417. What is u(-118)?
23
Let s(o) = -6*o**3 - 966*o**2 - 983*o - 18. Calculate s(-1).
5
Let j(i) = 180*i + 18608. Determine j(-104).
-112
Let u(k) = -k**2 - 16*k + 2142. Determine u(-56).
-98
Let k(g) = -20*g**3 - 563*g**2 - 83*g - 381. Calculate k(-28).
-409
Let t(f) = -2*f**3 + 144*f**2 - 432*f + 31050. Determine t(72).
-54
Let l(u) = 1818*u + 93332. Determine l(-53).
-3022
Let o(t) = t**3 + 91*t**2 - 2897*t - 263600. What is o(-91)?
27
Let c(k) = 6379*k + 4752355. Determine c(-745).
0
Let b(w) = w**2 - 2267*w + 11321. Determine b(5).
11
Let c(g) = 899825*g + 17096692. What is c(-19)?
17
Let a(s) = -s**3 - 271*s**2 + 317*s + 444. Give a(2).
-14
Let r(x) = 2148*x - 52061. Give r(22).
-4805
Let i(f) = 7*f**2 - 940*f + 28518. Determine i(88).
6
Let b(x) = -77*x + 1428. What is b(10)?
658
Let j(q) = 4*q**3 - 30*q**2 + 239*q - 954. Give j(4).
-222
Let h(n) = 1800*n - 39586. Give h(22).
14
Let j(q) = -q**3 + 18*q**2 - 1341*q + 24310. Determine j(18).
172
Let a(k) = -163*k**2 - 2281*k + 17. Calculate a(-14).
3
Let h(a) = -6452*a + 690350. What is h(107)?
-14
Let a(n) = -4*n**2 + 3914*n - 15632. Give a(4).
-40
Let f(u) = -5183*u - 2451551. Calculate f(-473).
8
Let d(g) = -1388*g + 705106. Determine d(508).
2
Let o(g) = 9960084*g - 19920163. Give o(2).
5
Let x(n) = 1087*n - 34840. Determine x(32).
-56
Let z(k) = -k**3 + 56*k**2 + 53*k + 485. Give z(57).
257
Let c(x) = 18014*x - 810673. Give c(45).
-43
Let i(t) = t**3 - 41*t**2 + 83*t - 1589. What is i(40)?
131
Let f(r) = 5038*r + 70427. What is f(-14)?
-105
Let m(x) = x**3 - 89*x**2 + 361*x + 4955. What is m(84)?
-1
Let j(x) = x**3 + 80*x**2 + 19*x + 7668. Give j(-81).
-432
Let b(n) = -91837*n + 1836735. Give b(20).
-5
Let j(o) = o**3 + 30*o**2 + 121*o + 871. What is j(-28)?
-949
Let r(b) = 733*b - 339370. Calculate r(463).
9
Let w(x) = 237648*x + 1188256. Calculate w(-5).
16
Let k(q) = -22*q**3 - 37*q**2 + 23*q + 85. Calculate k(-3).
277
Let h(b) = -10*b**3 - b**2 + 98*b - 148. What is h(3)?
-133
Let x(v) = 1254*v - 284670. Give x(227).
-12
Let p(a) = -37621*a - 2633470. Determine p(-70).
0
Let l(v) = v**3 + 21*v**2 + 1434*v + 30109. Give l(-21).
-5
Let w(g) = 1097*g - 88710. Calculate w(81).
147
Let m(o) = -3*o**3 - 33*o**2 + 25*o - 463. Give m(-12).
-331
Let u(f) = 115*f + 3448. Calculate u(-25).
573
Let p(s) = -65*s**2 + 1120*s - 27. Determine p(20).
-3627
Let m(l) = l**2 + 16863*l - 236283. Give m(14).
-5
Let z(a) = a**2 + 6*a - 3164. Give z(-60).
76
Let c(t) = -t**2 - 15071*t + 634757. Calculate c(42).
11
Let d(v) = 19*v**2 + 1102*v + 207. Give d(-58).
207
Let i(d) = 559705*d - 11753796. Determine i(21).
9
Let k(x) = -x**3 + 176*x**2 + 360*x + 866. What is k(178)?
1578
Let g(m) = -m**2 - 42*m + 1489. Calculate g(23).
-6
Let p(w) = 254830*w - 2293469. Give p(9).
1
Let h(p) = -p**2 + 455*p + 15589. What is h(487)?
5
Let p(s) = -3976*s - 254500. Calculate p(-64).
-36
Let g(o) = 8*o**2 + 150*o + 769. Determine g(-9).
67
Let i(z) = -2*z**3 + 61*z**2 - 362*z + 265. What is i(23)?
-126
Let p(h) = 151*h + 5809. Calculate p(-38).
71
Let d(l) = -l**2 - 1120*l + 5584. Determine d(5).
-41
Let r(z) = -2*z**3 + 52*z**2 - 492*z + 5048. Give r(20).
8
Let d(u) = 2*u**3 - 104*u**2 - 632*u + 10311. What is d(56)?
7
Let k(g) = -g**2 - 9802*g - 409914. Determine k(-42).
6
Let f(o) = 4*o**3 - 192*o**2 + 2192*o - 28. What is f(19)?
-256
Let a(q) = -482*q - 9571. Give a(-19).
-413
Let k(s) = 3*s**3 - 6975*s**2 + 34826*s - 60319. Give k(2320).
1
Let l(b) = 7*b**2 - 1974*b + 112254. Give l(203).
-5
Let x(y) = 2*y**3 - 57*y**2 + 161*y + 310. Determine x(26).
1116
Let r(t) = -22308*t - 22192. What is r(-1)?
116
Let b(m) = 2*m**2 - 103*m - 953. What is b(55)?
-568
Let 